ase 5
-10243230
3330022 (base 4) to base 5
1004023
2263 (base 11) to base 5
43343
-20220 (base 4) to base 14
-2b6
What is -773 (base 14) in base 13?
-894
What is -1822 (base 10) in base 13?
-aa2
Convert -622 (base 13) to base 8.
-2022
Convert 2181 (base 9) to base 12.
b24
What is 232021 (base 4) in base 10?
2953
-1011101001 (base 2) to base 9
-1017
What is -5231 (base 9) in base 3?
-12021001
-5304 (base 13) to base 15
-3616
-122610 (base 7) to base 12
-110b0
What is -3123023 (base 4) in base 11?
-a5a2
26a (base 11) to base 3
102210
22631 (base 10) to base 14
8367
What is 9440 (base 11) in base 7?
51315
What is -1721 (base 14) in base 2?
-1000000110001
Convert 11022 (base 4) to base 15.
170
4504 (base 8) to base 7
6626
What is 22212 (base 3) in base 13?
155
-25424 (base 9) to base 7
-100615
-121021221 (base 3) to base 11
-8a19
49a6 (base 16) to base 5
1100404
What is -3757 (base 16) in base 3?
-201102201
Convert 110110 (base 3) to base 8.
520
Convert -4eb (base 16) to base 7.
-3446
What is 41 (base 10) in base 9?
45
Convert 3c60 (base 13) to base 5.
234242
2124 (base 5) to base 14
169
What is -6057 (base 8) in base 15?
-dce
Convert 101010010011111 (base 2) to base 16.
549f
Convert 1335 (base 10) to base 15.
5e0
23185 (base 9) to base 5
443332
Convert -a04 (base 16) to base 7.
-10322
Convert 3351 (base 6) to base 9.
1064
Convert bcaa (base 13) to base 12.
132a7
-36222 (base 7) to base 5
-300000
Convert 113100 (base 4) to base 5.
21423
Convert 1521 (base 6) to base 10.
409
What is 67a4 (base 11) in base 6?
105231
What is 12441 (base 6) in base 16?
769
-80 (base 9) to base 10
-72
-11674 (base 8) to base 11
-3883
What is -23021 (base 4) in base 9?
-872
Convert 19956 (base 11) to base 6.
332322
What is -22212110 (base 3) in base 8?
-14501
Convert -1111000010110 (base 2) to base 15.
-2437
Convert 30733 (base 8) to base 9.
18451
-5331 (base 14) to base 5
-424401
23761 (base 9) to base 6
201431
Convert 1169 (base 10) to base 15.
52e
What is -417 (base 9) in base 10?
-340
What is 120344 (base 8) in base 11?
28a44
What is 32637 (base 10) in base 6?
411033
What is 8536 (base 10) in base 5?
233121
Convert -3302 (base 5) to base 11.
-381
951 (base 11) to base 9
1512
What is -829 (base 11) in base 16?
-3e7
What is -3310 (base 5) in base 13?
-290
60b (base 12) to base 11
726
What is -101131 (base 4) in base 13?
-67c
21220 (base 4) to base 16
268
Convert 71 (base 15) to base 10.
106
-37be (base 16) to base 14
-52b4
-210212 (base 3) to base 7
-1502
1132 (base 9) to base 12
59b
Convert 16223 (base 9) to base 6.
123250
Convert -32998 (base 11) to base 4.
-23222211
What is 1000011011 (base 2) in base 3?
201222
-1cf (base 16) to base 9
-564
-476 (base 15) to base 2
-1111110011
What is -1c0a (base 13) in base 14?
-1787
Convert -101111001110 (base 2) to base 12.
-18ba
What is 145 (base 11) in base 3?
20022
Convert 16a8 (base 14) to base 4.
333210
Convert -15613 (base 7) to base 3.
-20001201
What is -73a (base 15) in base 10?
-1630
-1042240 (base 5) to base 8
-44015
What is -3201 (base 7) in base 9?
-1483
Convert -4a3 (base 11) to base 14.
-309
What is -367 (base 9) in base 8?
-460
Convert -1310410 (base 5) to base 9.
-38258
10737 (base 8) to base 14
194b
Convert 3031232 (base 4) to base 14.
4b26
Convert 227 (base 8) to base 12.
107
What is 224050 (base 6) in base 12?
b026
25413 (base 8) to base 9
16103
Convert 4221 (base 5) to base 15.
276
Convert 2160 (base 10) to base 14.
b04
10cb (base 16) to base 3
12220020
What is -533a (base 14) in base 5?
-424420
-50ae (base 15) to base 9
-25332
What is -123 (base 5) in base 12?
-32
Convert 1152 (base 10) to base 11.
958
1074 (base 8) to base 6
2352
101111000101000 (base 2) to base 8
57050
What is 304321 (base 5) in base 14?
38b7
Convert -502 (base 11) to base 2.
-1001011111
What is 1100011000111 (base 2) in base 14?
2451
Convert 2220010 (base 3) to base 7.
6102
30170 (base 8) to base 14
4744
9c (base 13) to base 16
81
78a3 (base 12) to base 16
343b
Convert -5 (base 12) to base 15.
-5
-742 (base 8) to base 3
-122212
d4d1 (base 15) to base 5
2414341
-53101 (base 6) to base 11
-5424
Convert 1120010 (base 3) to base 15.
50c
-182 (base 11) to base 9
-254
-a525 (base 12) to base 14
-67db
40 (base 9) to base 13
2a
What is 100111010 (base 2) in base 10?
314
Convert 775 (base 16) to base 11.
1486
-1454 (base 10) to base 3
-1222212
What is 315300 (base 7) in base 16?
d59c
Convert -14501 (base 7) to base 16.
-fb3
What is 315 (base 13) in base 16?
20d
-14521 (base 6) to base 14
-c01
Convert 1151 (base 9) to base 5.
11411
What is -63f1 (base 16) in base 6?
-314241
Convert -2541 (base 7) to base 5.
-12320
21112220 (base 3) to base 2
1010110000001
4311 (base 6) to base 7
2566
What is -356 (base 11) in base 15?
-1d4
What is 1112 (base 5) in base 10?
157
Convert 11000001110010 (base 2) to base 4.
3001302
Convert -40c (base 14) to base 4.
-30130
What is 320012 (base 5) in base 7?
42666
Convert -11046 (base 7) to base 6.
-20510
What is 48c (base 14) in base 5?
12113
-471 (base 9) to base 5
-3023
1818 (base 9) to base 10
1394
-1010101111101 (base 2) to base 13
-2672
Convert 84373 (base 10) to base 7.
500662
Convert 136a6 (base 11) to base 12.
b330
What is 6bf7 (base 16) in base 5?
1341024
What is 20232230 (base 4) in base 9?
54038
Convert -11101 (base 2) to base 8.
-35
What is -4316 (base 10) in base 14?
-1804
-275 (base 10) to base 16
-113
-449 (base 11) to base 4
-20121
What is 42b4 (base 15) in base 2?
11011100100111
-2107 (base 11) to base 12
-1746
Convert -12131330 (base 4) to base 7.
-140144
What is 47065 (base 8) in base 9?
30415
Convert 112c (base 13) to base 12.
1484
What is 3897 (base 11) in base 6?
35243
-19525 (base 12) to base 5
-2141122
Convert -34 (base 8) to base 12.
-24
-33a0 (base 11) to base 3
-20010102
Convert -798 (base 12) to base 15.
-4ee
-14 (base 7) to base 10
-11
10024 (base 5) to base 2
1001111111
432201 (base 6) to base 11
24740
What is 144 (base 5) in base 15?
34
What is 213130 (base 4) in base 9?
3414
Convert -d2 (base 16) to base 8.
-322
Convert -30021 (base 4) to base 8.
-1411
-342 (base 9) to base 7
-551
Convert 42653 (base 12) to base 16.
1551f
3206 (base 12) to base 5
133403
Convert -34103 (base 5) to base 2.
-100101100011
What is -82a (base 12) in base 10?
-1186
Convert -4301 (base 6) to base 10.
-973
Convert -1199 (base 11) to base 5.
-22220
What is 10310220 (base 4) in base 13?
8cb5
Convert 111ca (base 13) to base 12.
15bb1
What is 50 (base 9) in base 16?
2d
58b (base 15) to base 3
1201112
Convert -122120121 (base 3) to base 6.
-135154
Convert -53532 (base 7) to base 13.
-6093
What is -11004 (base 6) in base 15?
-6b1
-12124 (base 6) to base 3
-2102221
805 (base 11) to base 12
691
Convert 17b (base 16) to base 7.
1051
What is -5343 (base 16) in base 10?
-21315
Convert -100000000010 (base 2) to base 4.
-200002
Convert -1368b (base 12) to base 5.
-1330031
240 (base 12) to base 7
660
What is -793 (base 12) in base 13?
-681
-1124 (base 9) to base 2
-1101000000
What is -20ab (base 13) in base 3?
-20012222
-36468 (base 10) to base 11
-25443
What is 220201210 (base 3) in base 14?
67dc
Convert 2537 (base 15) to base 7.
32053
-101112 (base 4) to base 11
-91a
-10232 (base 4) to base 12
-212
What is 10010110 (base 2) in base 14?
aa
Convert -533 (base 12) to base 3.
-1001010
-21 (base 9) to base 14
-15
What is 2235 (base 16) in base 13?
3ca8
Convert 2330 (base 5) to base 11.
28a
-64124 (base 7) to base 2
-11110111100101
Convert -12141 (base 8) to base 14.
-1c89
Convert -1115425 (base 6) to base 14.
-16a93
What is 114222 (base 5) in base 4?
1003120
What is 1001000000 (base 2) in base 9?
710
What is a2ab (base 15) in base 7?
202115
157 (base 14) to base 10
273
21011101 (base 3) to base 10
5221
-10001202202 (base 3) to base 15
-12d28
Convert -4231 (base 5) to base 3.
-202222
Convert -20322 (base 5) to base 16.
-539
Convert -142013 (base 5) to base 2.
-1011011111011
What is -2120 (base 4) in base 16?
-98
330200 (base 4) to base 9
5272
4301 (base 6) to base 8
1715
Convert -760 (base 8) to base 6.
-2144
17093 (base 13) to base 10
44060
102020 (base 3) to base 4
10233
270 (base 10) to base 11
226
-195 (base 12) to base 15
-122
45210 (base 6) to base 2
1100011000110
e3f0 (base 16) to base 11
3a928
-12801 (base 9) to base 10